
Let x(n) = 2*n**3 - 26*n**2 - 10*n + 50. Give x(12).
-358
Let y(s) = 3*s**3 - 52*s**2 - 40*s + 28. Give y(18).
-44
Let v(u) = -u**3 + 39*u**2 - 195*u - 103. Determine v(33).
-4
Let g(w) = -74*w - 715. Give g(-11).
99
Let p(u) = 347*u - 298. Determine p(3).
743
Let k(g) = 2*g**3 - 11*g**2 - 24*g + 110. Determine k(6).
2
Let u(t) = -2*t**3 + 112*t**2 - 2*t + 114. Calculate u(56).
2
Let l(m) = m**2 - 10*m + 15. What is l(3)?
-6
Let m(r) = -r**2 + 367*r - 9485. Give m(28).
7
Let z(k) = 466*k + 46122. What is z(-99)?
-12
Let g(f) = -211*f + 19615. Determine g(93).
-8
Let g(p) = 118*p**3 + 3*p**2 + 6*p + 3. Calculate g(-1).
-118
Let a(v) = -8*v**2 - 312*v. Give a(-39).
0
Let t(d) = -d**3 + 52*d**2 - 48*d + 2503. Give t(52).
7
Let b(o) = -o**3 - 36*o**2 + 517*o + 2. Give b(-47).
2
Let a(d) = -53*d + 5735. Give a(108).
11
Let i(s) = 2*s**3 - 235*s**2 + 122*s - 657. Give i(117).
-72
Let c(s) = s**3 - s**2 - 5*s - 18. Determine c(-2).
-20
Let r(y) = -75*y - 1271. Determine r(-17).
4
Let d(y) = -y**3 - 80*y**2 - 152*y + 313. Determine d(-78).
1
Let g(v) = 2*v + 45. Give g(-28).
-11
Let g(z) = -z**3 + 11*z + 2. What is g(-4)?
22
Let j(g) = g**3 + 21*g**2 + 61*g + 38. Determine j(-18).
-88
Let p(x) = -x**3 + 29*x**2 + 13*x - 5. Give p(29).
372
Let g(a) = -a**3 + 12*a**2 - 18*a - 92. What is g(10)?
-72
Let g(a) = -a**2 + 39*a - 191. What is g(32)?
33
Let g(u) = -9*u**2 + 3*u - 7. Determine g(-4).
-163
Let t(i) = i**3 - 43*i**2 - 39*i - 246. What is t(44)?
-26
Let h(j) = -6*j**2 + 55*j - 39. Determine h(9).
-30
Let x(k) = k**2 + 90*k + 1390. Determine x(-28).
-346
Let p(z) = 22*z + 404. Give p(-20).
-36
Let v(o) = 2*o**2 + 28*o - 597. Give v(13).
105
Let c(o) = -o**3 - o**2 - 10*o - 67. What is c(-4)?
21
Let q(w) = 1039*w + 3113. Calculate q(-3).
-4
Let c(j) = -3*j**2 - 99*j - 695. Give c(-7).
-149
Let p(c) = -56*c - 1582. What is p(-38)?
546
Let b(x) = -14*x - 77. Calculate b(18).
-329
Let f(j) = -j**2 + 74*j + 218. What is f(-3)?
-13
Let u(k) = -18*k**2 + 72*k - 9. Calculate u(4).
-9
Let p(a) = 946*a + 6585. Calculate p(-7).
-37
Let l(v) = 157*v - 3097. Give l(20).
43
Let d(h) = -22*h + 705. What is d(35)?
-65
Let h(u) = 530*u + 1598. What is h(-3)?
8
Let n(h) = 6*h**2 + 122*h + 616. Calculate n(-12).
16
Let k(z) = 2*z**3 - 47*z**2 + 23*z - 5. Determine k(23).
-5
Let m(v) = 61*v - 34. What is m(2)?
88
Let t(m) = -86*m**3 - 2*m**2 + 8*m - 7. Determine t(1).
-87
Let p(j) = 3*j**3 + 17*j**2 + 11*j - 4. Determine p(-5).
-9
Let p(l) = 12*l**2 - 205*l + 31. Give p(15).
-344
Let a(l) = -6*l - 397. Give a(-58).
-49
Let a(v) = v**3 - 8*v**2 + 7*v - 17. Give a(6).
-47
Let x(b) = 72*b + 605. Determine x(-11).
-187
Let x(q) = -3*q**2 - 44*q + 88. What is x(-18)?
-92
Let t(m) = m**2 - m + 9. What is t(-3)?
21
Let z(m) = -m**3 - 2*m**2 - 649*m - 2618. Calculate z(-4).
10
Let m(k) = 4*k**2 - 55*k + 164. Calculate m(15).
239
Let b(h) = -h**3 - 2*h**2 + 8*h + 3. Give b(4).
-61
Let p(k) = k**2 - 41*k + 225. What is p(7)?
-13
Let t(y) = -52*y + 1741. Calculate t(32).
77
Let n(x) = -191*x + 2146. Calculate n(12).
-146
Let j(b) = -b**2 + 672*b + 1344. Calculate j(-2).
-4
Let i(c) = -43*c**2 + 3393*c + 172. Give i(79).
-144
Let l(m) = -m**3 + 3*m**2 + 69*m - 268. Calculate l(4).
-8
Let f(m) = 52*m - 4877. Calculate f(97).
167
Let x(m) = m**2 - 5149*m - 8. What is x(0)?
-8
Let z(y) = -4*y**2 + 315*y + 391. What is z(80)?
-9
Let x(k) = 4*k**2 + 15*k - 91. Give x(6).
143
Let x(a) = 12*a**2 + 181*a - 85. Give x(-16).
91
Let o(i) = -i**2 + 13*i + 602. What is o(32)?
-6
Let n(s) = 34*s - 1636. Calculate n(48).
-4
Let d(f) = -226*f + 27887. Determine d(123).
89
Let v(q) = 46*q - 96. Give v(4).
88
Let s(q) = -3*q**2 - 54*q - 22. What is s(-18)?
-22
Let z(n) = -n**3 - 18*n**2 + 60*n + 74. Calculate z(-21).
137
Let n(g) = 31*g + 101. Give n(-3).
8
Let j(t) = -32*t + 144. Give j(0).
144
Let c(x) = 16*x**2 + x - 8. Calculate c(3).
139
Let f(t) = -55*t - 438. Determine f(-8).
2
Let t(r) = r**3 - 73*r**2 - 2209*r - 29. Give t(-23).
-6
Let o(s) = 89*s - 484. Calculate o(4).
-128
Let m(n) = -3*n**2 - 27*n + 367. Give m(12).
-389
Let d(s) = 35*s + 4. Give d(10).
354
Let n(a) = -3*a**3 + 132*a**2 - 249*a - 98. Give n(42).
28
Let o(w) = 16*w - 932. Determine o(72).
220
Let s(a) = -a**2 - 18*a - 71. Determine s(-9).
10
Let q(o) = -2*o + 64. Determine q(38).
-12
Let o(k) = k**3 - 16*k**2 + 17*k + 6. Give o(15).
36
Let r(b) = b**3 - 8*b**2 - 207*b + 1304. Give r(6).
-10
Let k(j) = 3*j**2 + 41*j + 108. Give k(-10).
-2
Let g(z) = 3*z**2 - 2*z - 15. Calculate g(-5).
70
Let u(q) = -47*q**2 + 10*q + 30. Give u(3).
-363
Let z(d) = d**2 + 120*d + 1260. Give z(-108).
-36
Let w(o) = 9*o - 259. Determine w(28).
-7
Let s(n) = -4*n**3 - 221*n**2 - 49*n + 210. Give s(-55).
-120
Let g(c) = 2*c**3 + 148*c**2 - 146*c + 316. Calculate g(-75).
16
Let w(p) = -p**3 + 61*p**2 + 58*p + 240. Determine w(62).
-8
Let h(g) = g**3 - 28*g**2 - 291*g + 105. Determine h(36).
-3
Let h(i) = -i**3 - 23*i**2 + 16*i + 442. Determine h(-23).
74
Let i(y) = 116*y + 41. Calculate i(-4).
-423
Let b(z) = -3*z**3 - 2*z**2 - 2*z - 8. Give b(-3).
61
Let v(x) = -2*x**2 + 25*x - 1. What is v(10)?
49
Let p(y) = -4*y**2 + 114*y + 73. What is p(29)?
15
Let c(l) = 6*l - 8. Give c(-1).
-14
Let z(u) = -u**2 + 1302*u + 38598. Calculate z(-29).
-1
Let p(a) = -a**3 - 10*a**2 + 23*a + 5. What is p(-11)?
-127
Let g(m) = 15*m - 66. Give g(5).
9
Let l(g) = g**2 + 47*g - 1093. Give l(17).
-5
Let t(k) = 3*k**2 - 33*k + 25. Determine t(-11).
751
Let f(r) = -33*r - 1402. Give f(-41).
-49
Let r(t) = -7*t + 594. Determine r(55).
209
Let k(a) = 13*a + 71. Calculate k(13).
240
Let w(f) = -6113*f + 42791. Calculate w(7).
0
Let t(p) = -7*p**2 - 207*p - 1170. Determine t(-22).
-4
Let y(x) = -3*x**3 - 200*x**2 - x - 7. Determine y(0).
-7
Let k(r) = -r**3 - 9*r**2 - 5*r + 79. What is k(-7)?
16
Let i(r) = -5*r**3 - r**2 + 12*r + 2. What is i(3)?
-106
Let k(p) = 30*p**2 + 5*p + 1. Give k(2).
131
Let y(i) = -2*i**3 - i**2 + 2*i + 17. Calculate y(0).
17
Let n(o) = -433*o - 8656. Give n(-20).
4
Let y(x) = x**3 - x**2 + 36*x - 149. Give y(4).
43
Let o(l) = 40*l + 238. Give o(-6).
-2
Let o(j) = 606*j + 59999. What is o(-99)?
5
Let b(a) = 4*a**3 + 179*a**2 - 53*a - 560. Calculate b(-45).
-200
Let p(w) = w**2 - 8*w - 212. Calculate p(17).
-59
Let x(y) = 438*y**2 + 2635*y + 44. Calculate x(-6).
2
Let w(b) = 124*b**3 - 2*b**2 + 4*b + 3. Calculate w(-1).
-127
Let l(a) = -6*a + 124. Give l(20).
4
Let b(k) = 11*k**3 - 64*k**2 + 36*k + 29. Determine b(5).
-16
Let b(x) = x**3 + 56*x**2 + 501*x + 258. Determine b(-45).
-12
Let z(y) = -70*y - 7. Calculate z(-1).
63
Let f(d) = -d**2 + 2*d + 736. Give f(-26).
8
Let m(y) = -y**3 - 10*y**2 + 76*y + 626. What is m(-12)?
2
Let k(j) = -j**3 + 71*j**2 + 204*j - 4230. Give k(73).
4
Let h(m) = m**3 - 47*m**2 + 525*m - 459. Give h(16).
5
Let h(z) = 90*z + 1727. Determine h(-19).
17
Let o(s) = s**3 + 8*s**2 + s - 29. Calculate o(-9).
-119
Let w(t) = -9*t**3 - 112*t**2 + 66*t + 5. What is w(-13)?
-8
Let j(w) = -2*w**3 - 22*w**2 + 26*w + 19. What is j(-12)?
-5
Let m(p) = p**3 - 8*p**2 - 3*p - 42. Determine m(9).
12
Let p(u) = -u**2 - 28*u - 19. Calculate p(-28).
-19
Let z(t) = -366*t - 23820. Give z(-65).
-30
Let b(x) = -2*x**3 + 32*x**2 + 36*x - 304. Calculate b(16).
272
Let z(p) = -10*p + 72. Calculate z(-1).
82
Let r(o) = -7*o**2 - 1504*o - 3000. Calculate r(-2).
-20
Let p(w) = 25*w - 17. Give p(-1).
-42
Let p(y) = 11*y**2 + 59*y - 9. Calculate p(3).
267
Let i(n) = -n**3 + 4*n - 40. Calculate i(0).
-40
Let n(k) = -k**2 + 28*k - 7. Give n(14).
189
Let i(n) = -n**2 - 14*n + 65. What is i(-22)?
-111
Let f(d) = d**2 + 300*d - 4075. Determine f(13).
-6
Let c(h) = -5*h**2 - 175*h - 183. Calculate c(-34).
-13
Let q(l) = -55*l - 1975. Give q(-43).
390
Let i(j) = -6*j**3 + 4*j**2 + 32*j - 102. What is i(4)?
-294
Let b(c) = 102*c + 717. What is b(-5)?
207
Let d(f) = -3*f**3 - 218*f**2 + 94*f + 1537. Calculate d(-73).
4
Let k(g) = -g**3 + 63*g**2 + 196*g + 140. Determine k(66).
8
Let y(a) = 38*a + 115. What is y(-7)?
-151
Let c(a) = 15*a**2 + a - 9. Determine c(2).
53
Let m(d) = -4776*d + 38207. Determine m(8).
-1
Let x(i) = -1573*i + 4696. Determine x(3).
-23
Let s(t) = t**2 - 238*t + 1979. Determine s(9).
-82
Let l(k) = -k**2 + 26*k + 10641. Calculate